 the prime factors of 995053615?
5, 173, 1150351
List the prime factors of 1286685611.
53, 24277087
What are the prime factors of 3965624?
2, 13, 17, 2243
What are the prime factors of 195124263?
3, 191, 503, 677
List the prime factors of 587862809.
479, 1227271
List the prime factors of 164268659.
31, 5298989
What are the prime factors of 5117325905?
5, 1847, 554123
List the prime factors of 32675434.
2, 11, 47, 31601
What are the prime factors of 45503253?
3, 5055917
What are the prime factors of 45955355?
5, 9191071
What are the prime factors of 112864110?
2, 3, 5, 3762137
What are the prime factors of 32989471?
43, 61, 12577
What are the prime factors of 2369551602?
2, 3, 11, 35902297
List the prime factors of 197982789.
3, 67, 73, 103, 131
List the prime factors of 35441123.
59, 600697
List the prime factors of 138075033.
3, 19, 2422369
What are the prime factors of 2063673881?
137, 499, 30187
List the prime factors of 30503337.
3, 10167779
List the prime factors of 204025510.
2, 5, 13, 73, 21499
List the prime factors of 102598826.
2, 11, 4663583
List the prime factors of 75579995.
5, 47, 321617
List the prime factors of 4402647743.
13, 17, 19921483
List the prime factors of 874371636.
2, 3, 24288101
What are the prime factors of 202104913?
59, 3425507
List the prime factors of 348892413.
3, 97, 857, 1399
List the prime factors of 254149459.
151, 577, 2917
What are the prime factors of 7104188?
2, 7, 13, 29, 673
List the prime factors of 568987580.
2, 5, 7, 4064197
List the prime factors of 9323827492.
2, 7, 23, 2657, 5449
What are the prime factors of 148538358?
2, 3, 227, 36353
List the prime factors of 202338222.
2, 3, 23, 479, 3061
List the prime factors of 2178437914.
2, 1089218957
What are the prime factors of 368476894?
2, 184238447
List the prime factors of 17709098.
2, 11, 829, 971
List the prime factors of 6595030699.
149, 4409, 10039
List the prime factors of 1535243239.
1535243239
What are the prime factors of 956316629?
179, 5342551
List the prime factors of 510266626.
2, 255133313
List the prime factors of 223917060.
2, 3, 5, 619, 6029
What are the prime factors of 76069526?
2, 13, 17, 59, 2917
What are the prime factors of 37072256?
2, 13, 22279
List the prime factors of 389139376.
2, 24321211
What are the prime factors of 16490494?
2, 23, 211, 1699
What are the prime factors of 43670800?
2, 5, 43, 2539
List the prime factors of 431932429.
283, 1526263
List the prime factors of 7390111296.
2, 3, 29, 349, 3803
List the prime factors of 198672277.
37, 1153, 4657
List the prime factors of 166590056.
2, 20823757
List the prime factors of 618580104.
2, 3, 1487, 17333
List the prime factors of 31103407.
2621, 11867
What are the prime factors of 154557205?
5, 11, 83, 33857
What are the prime factors of 624625267?
7, 43, 2075167
List the prime factors of 628225795.
5, 23, 877, 6229
What are the prime factors of 81525832?
2, 229, 44501
What are the prime factors of 920121098?
2, 13, 41, 863153
List the prime factors of 63823838.
2, 13, 29, 47, 1801
What are the prime factors of 1941890093?
11, 13, 17, 41, 19483
What are the prime factors of 66003130?
2, 5, 29, 227597
What are the prime factors of 22542937?
643, 35059
What are the prime factors of 3037238780?
2, 5, 23, 43, 97, 1583
List the prime factors of 470184386.
2, 7, 73, 460063
What are the prime factors of 6615335?
5, 29, 43, 1061
List the prime factors of 271874649.
3, 41, 47, 131, 359
What are the prime factors of 151838672?
2, 9489917
What are the prime factors of 67220418?
2, 3, 97, 115499
List the prime factors of 36736381.
11, 83, 40237
List the prime factors of 2342891034.
2, 3, 11, 29, 43, 3163
List the prime factors of 332041368.
2, 3, 13835057
List the prime factors of 4364872106.
2, 7, 31, 10057309
What are the prime factors of 100664619?
3, 11, 67, 4139
List the prime factors of 91336319.
661, 138179
List the prime factors of 130205003.
281, 463363
List the prime factors of 55244840.
2, 5, 7, 191, 1033
What are the prime factors of 729162008?
2, 23, 43, 157, 587
What are the prime factors of 59139934?
2, 7, 4224281
List the prime factors of 8511243232.
2, 265976351
What are the prime factors of 394083109?
7, 47, 1197821
What are the prime factors of 137732412?
2, 3, 547, 20983
List the prime factors of 667567841.
3181, 209861
What are the prime factors of 150543098?
2, 3221, 23369
List the prime factors of 2482942639.
10009, 248071
What are the prime factors of 125834040?
2, 3, 5, 37, 47, 67
List the prime factors of 184429761.
3, 67, 643, 1427
What are the prime factors of 3041305559?
17, 178900327
List the prime factors of 343522027.
343522027
List the prime factors of 2089832818.
2, 1044916409
List the prime factors of 1409377112.
2, 11, 13, 17, 72469
List the prime factors of 214220412.
2, 3, 7, 850081
List the prime factors of 1313678811.
3, 47, 1451, 6421
List the prime factors of 344924621.
6163, 55967
List the prime factors of 1035436709.
2053, 504353
What are the prime factors of 20684103?
3, 11, 19, 2999
What are the prime factors of 42972393?
3, 67, 439, 487
List the prime factors of 150419890.
2, 5, 71, 211859
List the prime factors of 26329763.
19, 1385777
List the prime factors of 9615136.
2, 269, 1117
What are the prime factors of 454310946?
2, 3, 97, 260201
List the prime factors of 41213289.
3, 13, 563, 1877
What are the prime factors of 69989083?
69989083
List the prime factors of 246297026.
2, 123148513
What are the prime factors of 1174586?
2, 7, 53, 1583
List the prime factors of 107689330.
2, 5, 7, 1538419
List the prime factors of 1816449548.
2, 97, 107, 43753
What are the prime factors of 2857134523?
49177, 58099
What are the prime factors of 6875607572?
2, 241, 7132373
List the prime factors of 2897408020.
2, 5, 13, 11143877
List the prime factors of 46515655.
5, 17, 31, 127, 139
List the prime factors of 35421438.
2, 3, 13, 17, 26713
What are the prime factors of 4276976509?
13, 61, 2269, 2377
What are the prime factors of 1386141407?
7, 41, 4829761
List the prime factors of 1439399276.
2, 7, 79, 8237
What are the prime factors of 423690314?
2, 23, 439, 20981
List the prime factors of 363591391.
19, 19136389
List the prime factors of 1138591693.
1138591693
List the prime factors of 419073316.
2, 29, 271, 13331
List the prime factors of 142731499.
443, 322193
What are the prime factors of 18727008?
2, 3, 19, 10267
List the prime factors of 137224554.
2, 3, 857, 26687
List the prime factors of 878537088.
2, 3, 11, 13, 5333
What are the prime factors of 734332720?
2, 5, 11, 834469
What are the prime factors of 94797048?
2, 3, 3949877
What are the prime factors of 75152021?
7, 29, 370207
List the prime factors of 58681566.
2, 3, 3260087
List the prime factors of 351217927.
29, 12110963
List the prime factors of 2874527827.
61, 47123407
What are the prime factors of 106339204?
2, 821, 32381
List the prime factors of 291260159.
31, 9395489
List the prime factors of 79570719.
3, 8841191
What are the prime factors of 783503257?
23, 34065359
What are the prime factors of 84463859?
37, 2282807
List the prime factors of 693688484.
2, 439, 395039
What are the prime factors of 38080596?
2, 3, 29, 73, 1499
What are the prime factors of 125706255?
3, 5, 8380417
List the prime factors of 3793506594.
2, 3, 2377, 265987
What are the prime factors of 70791791?
7, 17, 594889
List the prime factors of 863398870.
2, 5, 86339887
List the prime factors of 482439385.
5, 96487877
What are the prime factors of 251556317?
83, 3030799
List the prime factors of 227299907.
19, 11963153
List the prime factors of 1379981243.
79, 17468117
What are the prime factors of 3943669118?
2, 1971834559
List the prime factors of 620866966.
2, 310433483
List the prime factors of 250728870.
2, 3, 5, 7, 1193947
What are the prime factors of 70750833?
3, 313, 75347
What are the prime factors of 3647731491?
3, 199, 2036701
What are the prime factors of 6328507?
293, 21599
List the prime factors of 644209523.
644209523
What are the prime factors of 34906167?
3, 479, 2699
List the prime factors of 103845401.
11, 17, 149, 3727
List the prime factors of 245664423.
3, 29, 37, 25439
List the prime factors of 5808140213.
29, 200280697
List the prime factors of 54321130.
2, 5, 179, 30347
